What is the greatest common factor of u and 2205?
63
Let h = 114 - 23. Suppose -242*f = -158*f - 1092. Calculate the greatest common divisor of h and f.
13
Suppose -3*i = -0 - 30. Suppose -26 = -8*x + 14. Calculate the highest common factor of x and i.
5
Let f(t) = -t**3 - 4*t**2 + t - 8. Let m be f(-5). What is the greatest common factor of 588 and m?
12
Let y(d) = -d + 31. Suppose -17 - 15 = -8*t. Let a be y(t). What is the highest common divisor of a and 27?
27
Let j(y) = y**2 - 7*y + 7. Let t be j(7). Suppose -810 = -2*p - t*p. Let l = -35 + p. Calculate the greatest common divisor of 11 and l.
11
Suppose -3*y - 4*u + 3 = 0, 4*y = 2*y - 4*u + 2. Suppose 381*q = 380*q + 4. Calculate the greatest common factor of q and y.
1
Suppose 2*g + 106 = -2*g + 2*j, 2*g = -4*j - 58. Let x be 4/(-3) + (-522)/g. What is the highest common factor of x and 12?
6
Let n = -763 + 844. What is the highest common divisor of 243 and n?
81
Suppose 3*b - 2141 = 2*b - 3*k, -5*k - 25 = 0. What is the highest common factor of b and 44?
44
Let w(y) = 16*y. Suppose 6*f = 2*f + 12. Let s be w(f). Suppose -6*i + i = -4*u - 64, -2*i + 24 = -2*u. Calculate the greatest common divisor of i and s.
16
Suppose 3*o - 58 = o. Suppose 0 = 23*j - 22*j - o. Suppose -j = -2*x - 19. Calculate the highest common divisor of 25 and x.
5
Let x = -210 - -143. Let d = x + 99. What is the highest common divisor of d and 80?
16
Let d(i) = -i**3 + 2*i + 3. Let m = -16 - -22. Suppose -2*y = -7*o + 2*o + 4, m = -3*y - 3*o. Let s be d(y). What is the highest common factor of 35 and s?
7
Suppose -q = -3*j + 8, 2*j - 5 + 1 = q. Suppose j*w = -3*c + 410, 2*c - 314 = -3*w + 3*c. What is the greatest common divisor of w and 8?
8
Let b(q) = q**2 - 2*q - 1. Let t be b(3). Let v(h) = 9*h + 2. Let u be v(t). Calculate the greatest common divisor of 160 and u.
20
Let g(k) = 7*k**2 - 265*k - 65. Let x be g(39). Suppose 0 = 3*z + 2*f - 0*f - 35, -2 = f. What is the greatest common divisor of z and x?
13
Suppose -218 = -3*p + 5*a, 7*a - 6*a = 2*p - 157. What is the highest common divisor of 216 and p?
27
Let l(w) = -8*w + 35. Let p be l(14). Let g = 84 + p. What is the highest common factor of 3 and g?
1
Suppose 2*m + 4*k - 322 = 0, 0*m - k + 164 = m. Suppose 599 - m = 3*b. Suppose a = -a + b. Calculate the greatest common factor of 8 and a.
8
Suppose -396*u = -384*u - 288. What is the greatest common factor of u and 324?
12
Let v be (86 - 0)/((-390)/(-126) - 3). What is the greatest common factor of 21 and v?
21
Let c = 6 - 3. Let o be 55/15*9/c. What is the greatest common divisor of 55 and o?
11
Suppose -4*r = -1120 + 288. Calculate the greatest common factor of 156 and r.
52
Let i = 59 + -45. Suppose -r + i = -41. Calculate the highest common factor of 22 and r.
11
Let a be (-4)/(-42) + 113364/378. Calculate the highest common divisor of a and 35.
5
Let x be (6/4)/((-2)/(-8)). Let b = -2396 - -2398. Calculate the greatest common divisor of x and b.
2
Let y = 12 - -6. Suppose -2*w + 70 - 66 = 0, -5*w + 145 = 5*b. Calculate the greatest common divisor of b and y.
9
Let m = -8 + 12. Suppose -4*t = -2*z - 44, m*t - 2*z - 24 = 2*t. Suppose t*a - 66 = 7*a. Calculate the highest common factor of 33 and a.
11
Let b be 68/8*(1 + (-6)/(-2)). Suppose -38*m = -b*m - 60. Suppose -4*s + 26 = -34. What is the greatest common factor of m and s?
15
Let c(h) = -h**2 - 10*h + 4. Let t be c(-14). Let w be 4/(-10) + t/(-5). Let f = 55 - w. What is the greatest common divisor of f and 5?
5
Let i(t) = 24 + 24 - 3*t + 4*t. Let h be 1 + -2 + 0 + 1. Let u be i(h). Calculate the highest common divisor of u and 12.
12
Suppose -130 = -2*a + 78. Let m be ((-45)/12 + 3)/(57/(-1976)). Calculate the highest common divisor of a and m.
26
Let b = -28 + 5. Let d = -18 - b. What is the highest common factor of d and 5?
5
Let q(g) = 3*g**2 + 4*g + 1. Suppose 4*p - 8*p + 8 = 0. Suppose 1 = -w - p. Let t be q(w). Calculate the highest common factor of 8 and t.
8
Let w(h) = 5*h - 12. Let v be w(9). Let y be (-87)/29 + (0 - -267). Calculate the greatest common divisor of y and v.
33
Suppose 93*a + 37 = f + 90*a, 0 = 4*f + 4*a - 228. What is the greatest common divisor of 702 and f?
26
Let q = -24 - -57. Suppose -2*g + q + 95 = -2*d, 0 = -g - 4*d + 69. Let z be (5/25 + -1)*(-130)/4. What is the greatest common divisor of z and g?
13
Suppose 56*r - 58*r + 224 = 0. What is the greatest common factor of 98 and r?
14
Suppose 56 = -61*k + 62*k. What is the highest common factor of 98 and k?
14
Suppose 70*t = 140*t - 1400. Calculate the highest common factor of t and 4.
4
Let v be 0 + -2 + 2 + 5. Let l(a) = a**3 - 3*a**2 + 3*a + 4. Let s be l(v). Let q be 40 - (35/(-7) - 1). Calculate the highest common divisor of s and q.
23
Suppose 3*d + 253 = 2*t, 5*t - 28*d = -29*d + 590. What is the highest common factor of 34 and t?
17
Suppose -598 = -12*g + 50. Calculate the greatest common divisor of g and 12.
6
Let m be (-4)/(-26) + (-134)/26. Let q = 72 - m. What is the greatest common factor of q and 7?
7
Suppose 26*w + 825 = 31*w. Calculate the highest common divisor of 195 and w.
15
Let f be (0 + -180)*(45 + -46). Calculate the greatest common factor of 48 and f.
12
Let g(u) = 2*u + 16. Let j be g(-5). Let s(m) = 15*m + 14. Let i be s(j). What is the greatest common factor of i and 13?
13
Suppose 0*o + 4*o = 0. Suppose o = -19*c + 14*c - 10. Let f be c + -1 + 4 - -41. What is the highest common divisor of 14 and f?
14
Let i be (1/2)/(3/36). Suppose i = -4*d + 30. Suppose -868 = -d*z + 2*z. Calculate the greatest common divisor of z and 31.
31
Let n be ((-6)/(-20))/((-9)/(-90)). Let v(c) = 8 - c**2 - c + 9 - 2. Let o be v(0). Calculate the highest common factor of n and o.
3
Suppose 3*v - 8 = v. Suppose 0*b + 84 = 5*f - 4*b, -2*f + 28 = v*b. What is the highest common divisor of 64 and f?
16
Suppose -835 + 775 = -h. Calculate the greatest common divisor of 1140 and h.
60
Let b be (68/(-136))/(1/(-4220)) + 5. What is the highest common factor of b and 45?
45
Suppose -2 = -a, -2*a = -4*v - a + 3190. What is the greatest common divisor of v and 6?
6
Let s be 5 - (2 + -4 - -4). Suppose 4*q - 3*u - 2*u = 445, 5*q = s*u + 553. What is the highest common divisor of q and 10?
10
Suppose -2*k + 3*k - 4*g - 26 = 0, 0 = 3*k + 5*g - 27. What is the greatest common divisor of k and 133?
7
Suppose 3*y + 6732 = 14*y. Calculate the greatest common divisor of y and 72.
36
Let p = -183 + 263. What is the greatest common factor of 640 and p?
80
Let j(f) be the third derivative of 1/10*f**5 + f**3 + 0*f + 8*f**2 + 0 - 1/4*f**4 - 1/120*f**6. Let x be j(4). Calculate the highest common factor of 56 and x.
14
Suppose 8 = 5*f - 2. Suppose 4*v = f*v + 16. Calculate the greatest common divisor of 56 and v.
8
Let v(m) = 8*m**2 + 3*m. Let q be v(4). Suppose q = 3*s + 8. Calculate the greatest common divisor of 22 and s.
22
Let g = -727 - -988. What is the highest common divisor of g and 18?
9
Suppose -28 = 141*f - 155*f. Calculate the highest common factor of f and 2.
2
Let x(c) = c**2 - 11*c + 4. Let a be x(11). Let g be ((-4)/6 - 0)/(a/(-6)). Calculate the highest common divisor of g and 5.
1
Let n(m) = -2*m**3 - 2*m**2 - 3*m. Let t be n(-2). Let y be ((-2)/(-3))/((-730)/105 + 7). Calculate the greatest common factor of y and t.
14
Let j(i) = 11*i + 98. Let a be j(10). Calculate the greatest common factor of a and 48.
16
Suppose 8529 = 30*b + 2979. What is the highest common factor of b and 148?
37
Suppose 31 = -2*t - 5. Let m = 52 + t. What is the highest common factor of m and 306?
34
Suppose 17*w - 150 = 7*w. Suppose -n = -4*k - 15, -4*k + 75 = 5*n - 2*k. Calculate the highest common factor of w and n.
15
Let q be (-4)/(-18) - (-1447)/9. Let y = -276 + 299. Calculate the greatest common factor of q and y.
23
Suppose 1 = -0*g - g. Let n be (11 - g)*(-16)/(-24). Let x be 2056/32 + 1/(-4). What is the highest common divisor of x and n?
8
Let q(n) = -16*n + 127. Let y be q(5). Calculate the highest common factor of 752 and y.
47
Suppose 0 = 70*k + 2 - 352. Let b be 1/(-2*(-1)/6). Calculate the highest common divisor of k and b.
1
Let z be (-1)/(-6) - (-2 - (-102809)/(-42)). What is the highest common factor of 98 and z?
98
Let r(i) = 5*i - 6. Let n be r(5). Let k(y) = y**3 - y**